{"id":17248,"date":"2024-10-09T11:56:26","date_gmt":"2024-10-09T14:56:26","guid":{"rendered":"http:\/\/comunidadtextil.com\/wpnews\/?page_id=17248"},"modified":"2024-10-09T11:56:26","modified_gmt":"2024-10-09T14:56:26","slug":"noticias-de-argentina","status":"publish","type":"page","link":"https:\/\/comunidadtextil.com\/wpnews\/noticias-de-argentina\/","title":{"rendered":"Noticias de Argentina"},"content":{"rendered":"\n\t\t\t<div class=\"display-post-types\">\n\t\t\t\t\n\t\t\t\t\t\t\t<style type=\"text\/css\">\n\t\t\t#dpt-wrapper-285 { --dpt-text-align: left;--dpt-image-crop: center;--dpt-border-radius: 5px;--dpt-h-gutter: 10px;--dpt-v-gutter: 10px; }\t\t\t<\/style>\n\t\t\t<style type=\"text\/css\">#dpt-wrapper-285 { --dpt-title-font-style:normal;--dpt-title-font-weight:600;--dpt-title-font-size:22px;--dpt-title-line-height:1.5;--dpt-title-text-decoration:none;--dpt-title-text-transform:none;--dpt-title-text-color:#2e1111;--dpt-title-link-hover-color:#f740ab;--dpt-excerpt-font-style:normal;--dpt-excerpt-font-weight:400;--dpt-excerpt-line-height:1.5;--dpt-excerpt-text-decoration:none;--dpt-excerpt-text-transform:none;--dpt-meta1-font-style:normal;--dpt-meta1-font-weight:400;--dpt-meta1-line-height:1.9;--dpt-meta1-text-decoration:none;--dpt-meta1-text-transform:none;--dpt-meta2-font-style:normal;--dpt-meta2-font-weight:400;--dpt-meta2-line-height:1.9;--dpt-meta2-text-decoration:none;--dpt-meta2-text-transform:none;--dpt-wrapper-padding:10px 10px 10px 10px;--dpt-wrapper-br-width:1px 1px 1px 1px;--dpt-wrapper-entry-width:80%;--dpt-wrapper-br-radius:5px 5px 5px 5px;--dpt-wrapper-br-color:; }<\/style><div class=\" dpt-main-header\"><div class=\"dpt-main-title\"><a class=\"dpt-main-title-link\" href=\"https:\/\/comunidadtextil.com\/wpnews\/category\/argentina\/\"><span class=\"dpt-main-title-text\">Noticias de Argentina<\/span><\/a><\/div><\/div>\t\t\t\n\t\t\t\t<div id=\"dpt-wrapper-285\" class=\"dpt-wrapper dpt-list2 dpt-flex-wrap dpt-contained-wraptype\" >\n\n\t\t\t\t\t\t\t\t\t\t\t<div class=\"dpt-entry no-thumbnail\">\n\t\t\t\t\t\t\t<div class=\"dpt-entry-wrapper\"><h3 class=\" dpt-title\"><a class=\"dpt-title-link\" href=\"https:\/\/comunidadtextil.com\/wpnews\/2026\/04\/el-gobierno-argentino-quita-funciones-al-inti-y-genera-perjuicios-a-la-industria-textil\/\" rel=\"bookmark\">El gobierno argentino quita funciones al INTI y genera perjuicios a la industria textil<\/a><\/h3><\/div>\n\t\t\t\t\t\t<\/div><!-- .dpt-entry -->\n\t\t\t\t\t\t\t\t\t\t\t\t<div class=\"dpt-entry no-thumbnail\">\n\t\t\t\t\t\t\t<div class=\"dpt-entry-wrapper\"><h3 class=\" dpt-title\"><a class=\"dpt-title-link\" href=\"https:\/\/comunidadtextil.com\/wpnews\/2026\/04\/argentina-denuncian-que-el-76-de-las-importaciones-del-sector-textil-ingresaron-al-pais-a-precios-subfacturados\/\" rel=\"bookmark\">Argentina: denuncian que el 76% de las importaciones del sector textil ingresaron al pa\u00eds a precios subfacturados<\/a><\/h3><\/div>\n\t\t\t\t\t\t<\/div><!-- .dpt-entry -->\n\t\t\t\t\t\t\t\t\t\t\t\t<div class=\"dpt-entry no-thumbnail\">\n\t\t\t\t\t\t\t<div class=\"dpt-entry-wrapper\"><h3 class=\" dpt-title\"><a class=\"dpt-title-link\" href=\"https:\/\/comunidadtextil.com\/wpnews\/2026\/04\/el-inti-de-argentina-lanza-un-curso-sobre-materiales-biobasados-para-textiles\/\" rel=\"bookmark\">El INTI de Argentina lanza un curso sobre materiales biobasados para textiles<\/a><\/h3><\/div>\n\t\t\t\t\t\t<\/div><!-- .dpt-entry -->\n\t\t\t\t\t\t\t\t\t\t\t\t<div class=\"dpt-entry no-thumbnail\">\n\t\t\t\t\t\t\t<div class=\"dpt-entry-wrapper\"><h3 class=\" dpt-title\"><a class=\"dpt-title-link\" href=\"https:\/\/comunidadtextil.com\/wpnews\/2026\/03\/argentina-compras-online-agravan-la-crisis-minorista-y-aumentan-los-locales-vacios\/\" rel=\"bookmark\">Argentina: compras online agravan la crisis minorista y aumentan los locales vac\u00edos<\/a><\/h3><\/div>\n\t\t\t\t\t\t<\/div><!-- .dpt-entry -->\n\t\t\t\t\t\t\t\t\t\t\t\t<div class=\"dpt-entry no-thumbnail\">\n\t\t\t\t\t\t\t<div class=\"dpt-entry-wrapper\"><h3 class=\" dpt-title\"><a class=\"dpt-title-link\" href=\"https:\/\/comunidadtextil.com\/wpnews\/2026\/03\/la-industria-pyme-argentina-llevo-al-parlamento-un-fuerte-proyecto-para-la-reactivacion\/\" rel=\"bookmark\">La industria PYME argentina llev\u00f3 al Parlamento un fuerte proyecto para la reactivaci\u00f3n<\/a><\/h3><\/div>\n\t\t\t\t\t\t<\/div><!-- .dpt-entry -->\n\t\t\t\t\t\t\t\t\t\t\t\t<div class=\"dpt-entry no-thumbnail\">\n\t\t\t\t\t\t\t<div class=\"dpt-entry-wrapper\"><h3 class=\" dpt-title\"><a class=\"dpt-title-link\" href=\"https:\/\/comunidadtextil.com\/wpnews\/2026\/03\/mango-vuelve-proximamente-al-mercado-de-argentina-a-traves-de-una-empresa-local\/\" rel=\"bookmark\">Mango vuelve pr\u00f3ximamente al mercado de Argentina a trav\u00e9s de una Empresa local<\/a><\/h3><\/div>\n\t\t\t\t\t\t<\/div><!-- .dpt-entry -->\n\t\t\t\t\t\t\t\t\t\t\t\t<div class=\"dpt-entry no-thumbnail\">\n\t\t\t\t\t\t\t<div class=\"dpt-entry-wrapper\"><h3 class=\" dpt-title\"><a class=\"dpt-title-link\" href=\"https:\/\/comunidadtextil.com\/wpnews\/2026\/03\/argentina-los-empresarios-dicen-que-la-industria-textil-vive-una-situacion-terminal\/\" rel=\"bookmark\">Argentina: los empresarios dicen que la industria textil vive una situaci\u00f3n terminal<\/a><\/h3><\/div>\n\t\t\t\t\t\t<\/div><!-- .dpt-entry -->\n\t\t\t\t\t\t\t\t\t\t\t\t<div class=\"dpt-entry no-thumbnail\">\n\t\t\t\t\t\t\t<div class=\"dpt-entry-wrapper\"><h3 class=\" dpt-title\"><a class=\"dpt-title-link\" href=\"https:\/\/comunidadtextil.com\/wpnews\/2026\/02\/escandalo-adidas-fabrica-en-en-tailandia-la-camiseta-de-la-seleccion-argentina-de-futbol\/\" rel=\"bookmark\">Esc\u00e1ndalo: Adidas fabrica en en Tailandia la camiseta de la selecci\u00f3n argentina de f\u00fatbol<\/a><\/h3><\/div>\n\t\t\t\t\t\t<\/div><!-- .dpt-entry -->\n\t\t\t\t\t\t\t\t\t\t\t\t<div class=\"dpt-entry no-thumbnail\">\n\t\t\t\t\t\t\t<div class=\"dpt-entry-wrapper\"><h3 class=\" dpt-title\"><a class=\"dpt-title-link\" href=\"https:\/\/comunidadtextil.com\/wpnews\/2026\/02\/maria-cher-reduce-precios-y-lanzara-una-linea-de-ropa-mas-accesible-y-cotidiana\/\" rel=\"bookmark\">Mar\u00eda Cher reduce precios y lanzar\u00e1 una l\u00ednea de ropa m\u00e1s accesible y cotidiana<\/a><\/h3><\/div>\n\t\t\t\t\t\t<\/div><!-- .dpt-entry -->\n\t\t\t\t\t\t\t\t\t\t\t\t<div class=\"dpt-entry no-thumbnail\">\n\t\t\t\t\t\t\t<div class=\"dpt-entry-wrapper\"><h3 class=\" dpt-title\"><a class=\"dpt-title-link\" href=\"https:\/\/comunidadtextil.com\/wpnews\/2026\/01\/la-crisis-argentina-no-para-cerro-otra-textil-historica-por-la-suba-de-las-importaciones\/\" rel=\"bookmark\">La crisis argentina no para: cerr\u00f3 otra textil hist\u00f3rica por la suba de las importaciones<\/a><\/h3><\/div>\n\t\t\t\t\t\t<\/div><!-- .dpt-entry -->\n\t\t\t\t\t\t\t\t\t\t\t\t<div class=\"dpt-entry no-thumbnail\">\n\t\t\t\t\t\t\t<div class=\"dpt-entry-wrapper\"><h3 class=\" dpt-title\"><a class=\"dpt-title-link\" href=\"https:\/\/comunidadtextil.com\/wpnews\/2026\/01\/vicunha-textil-eseka-y-otras-empresas-en-conflicto-por-la-crisis-del-mercado-argentino\/\" rel=\"bookmark\">Vicunha Textil, Eseka y otras empresas en conflicto por la crisis del mercado argentino<\/a><\/h3><\/div>\n\t\t\t\t\t\t<\/div><!-- .dpt-entry -->\n\t\t\t\t\t\t\t\t\t\t\t\t<div class=\"dpt-entry no-thumbnail\">\n\t\t\t\t\t\t\t<div class=\"dpt-entry-wrapper\"><h3 class=\" dpt-title\"><a class=\"dpt-title-link\" href=\"https:\/\/comunidadtextil.com\/wpnews\/2026\/01\/argentina-la-textil-mas-grande-del-pais-cerro-otra-planta-por-el-derrumbe-de-la-demanda\/\" rel=\"bookmark\">Argentina: la textil m\u00e1s grande del pa\u00eds cerr\u00f3 otra planta por el derrumbe de la demanda<\/a><\/h3><\/div>\n\t\t\t\t\t\t<\/div><!-- .dpt-entry -->\n\t\t\t\t\t\t\t\t\t\t\t\t<div class=\"dpt-entry no-thumbnail\">\n\t\t\t\t\t\t\t<div class=\"dpt-entry-wrapper\"><h3 class=\" dpt-title\"><a class=\"dpt-title-link\" href=\"https:\/\/comunidadtextil.com\/wpnews\/2026\/01\/la-fundacion-protejer-de-la-argentina-exige-frenar-ya-el-ingreso-de-ropa-usada\/\" rel=\"bookmark\">La Fundaci\u00f3n ProTejer de la Argentina exige frenar ya el ingreso de ropa usada<\/a><\/h3><\/div>\n\t\t\t\t\t\t<\/div><!-- .dpt-entry -->\n\t\t\t\t\t\t\t\t\t\t\t\t<div class=\"dpt-entry no-thumbnail\">\n\t\t\t\t\t\t\t<div class=\"dpt-entry-wrapper\"><h3 class=\" dpt-title\"><a class=\"dpt-title-link\" href=\"https:\/\/comunidadtextil.com\/wpnews\/2026\/01\/europa-espera-con-ansias-el-tratado-con-el-mercosur-y-ya-esta-preparando-su-abordaje\/\" rel=\"bookmark\">Europa espera con ansias el tratado con el Mercosur y ya esta preparando el \u00ababordaje\u00bb<\/a><\/h3><\/div>\n\t\t\t\t\t\t<\/div><!-- .dpt-entry -->\n\t\t\t\t\t\t\n\t\t\t\t<\/div>\n\t\t\t<div class=\"dp-pagination\"><span aria-current=\"page\" class=\"page-numbers current\">1<\/span>\n<a class=\"page-numbers\" href=\"https:\/\/comunidadtextil.com\/wpnews\/wp-json\/wp\/v2\/pages\/17248\/?paged1=2\">2<\/a>\n<a class=\"page-numbers\" href=\"https:\/\/comunidadtextil.com\/wpnews\/wp-json\/wp\/v2\/pages\/17248\/?paged1=3\">3<\/a>\n<span class=\"page-numbers dots\">&hellip;<\/span>\n<a class=\"page-numbers\" href=\"https:\/\/comunidadtextil.com\/wpnews\/wp-json\/wp\/v2\/pages\/17248\/?paged1=28\">28<\/a>\n<a class=\"next page-numbers\" href=\"https:\/\/comunidadtextil.com\/wpnews\/wp-json\/wp\/v2\/pages\/17248\/?paged1=2\">Siguiente &raquo;<\/a><\/div>\t\t\t<\/div>\n\t\t\t\n","protected":false},"excerpt":{"rendered":"","protected":false},"author":1924,"featured_media":0,"parent":0,"menu_order":0,"comment_status":"closed","ping_status":"closed","template":"","meta":{"footnotes":""},"class_list":["post-17248","page","type-page","status-publish","hentry","count-0","even alt","author-adminct","last"],"_links":{"self":[{"href":"https:\/\/comunidadtextil.com\/wpnews\/wp-json\/wp\/v2\/pages\/17248","targetHints":{"allow":["GET"]}}],"collection":[{"href":"https:\/\/comunidadtextil.com\/wpnews\/wp-json\/wp\/v2\/pages"}],"about":[{"href":"https:\/\/comunidadtextil.com\/wpnews\/wp-json\/wp\/v2\/types\/page"}],"author":[{"embeddable":true,"href":"https:\/\/comunidadtextil.com\/wpnews\/wp-json\/wp\/v2\/users\/1924"}],"replies":[{"embeddable":true,"href":"https:\/\/comunidadtextil.com\/wpnews\/wp-json\/wp\/v2\/comments?post=17248"}],"version-history":[{"count":1,"href":"https:\/\/comunidadtextil.com\/wpnews\/wp-json\/wp\/v2\/pages\/17248\/revisions"}],"predecessor-version":[{"id":17249,"href":"https:\/\/comunidadtextil.com\/wpnews\/wp-json\/wp\/v2\/pages\/17248\/revisions\/17249"}],"wp:attachment":[{"href":"https:\/\/comunidadtextil.com\/wpnews\/wp-json\/wp\/v2\/media?parent=17248"}],"curies":[{"name":"wp","href":"https:\/\/api.w.org\/{rel}","templated":true}]}}

<div class="display-post-types">
				
							<style type="text/css">
			#dpt-wrapper-285 { --dpt-text-align: left;--dpt-image-crop: center;--dpt-border-radius: 5px;--dpt-h-gutter: 10px;--dpt-v-gutter: 10px; }			</style>
			<style type="text/css">#dpt-wrapper-285 { --dpt-title-font-style:normal;--dpt-title-font-weight:600;--dpt-title-font-size:22px;--dpt-title-line-height:1.5;--dpt-title-text-decoration:none;--dpt-title-text-transform:none;--dpt-title-text-color:#2e1111;--dpt-title-link-hover-color:#f740ab;--dpt-excerpt-font-style:normal;--dpt-excerpt-font-weight:400;--dpt-excerpt-line-height:1.5;--dpt-excerpt-text-decoration:none;--dpt-excerpt-text-transform:none;--dpt-meta1-font-style:normal;--dpt-meta1-font-weight:400;--dpt-meta1-line-height:1.9;--dpt-meta1-text-decoration:none;--dpt-meta1-text-transform:none;--dpt-meta2-font-style:normal;--dpt-meta2-font-weight:400;--dpt-meta2-line-height:1.9;--dpt-meta2-text-decoration:none;--dpt-meta2-text-transform:none;--dpt-wrapper-padding:10px 10px 10px 10px;--dpt-wrapper-br-width:1px 1px 1px 1px;--dpt-wrapper-entry-width:80%;--dpt-wrapper-br-radius:5px 5px 5px 5px;--dpt-wrapper-br-color:; }</style><div class=" dpt-main-header"><div class="dpt-main-title"><a class="dpt-main-title-link" href="https://comunidadtextil.com/wpnews/category/argentina/"><span class="dpt-main-title-text">Noticias de Argentina</span></a></div></div>			
				<div id="dpt-wrapper-285" class="dpt-wrapper dpt-list2 dpt-flex-wrap dpt-contained-wraptype" >

											<div class="dpt-entry no-thumbnail">
							<div class="dpt-entry-wrapper"><h3 class=" dpt-title"><a class="dpt-title-link" href="https://comunidadtextil.com/wpnews/2026/04/el-gobierno-argentino-quita-funciones-al-inti-y-genera-perjuicios-a-la-industria-textil/" rel="bookmark">El gobierno argentino quita funciones al INTI y genera perjuicios a la industria textil</a></h3></div>
						</div><!-- .dpt-entry -->
												<div class="dpt-entry no-thumbnail">
							<div class="dpt-entry-wrapper"><h3 class=" dpt-title"><a class="dpt-title-link" href="https://comunidadtextil.com/wpnews/2026/04/argentina-denuncian-que-el-76-de-las-importaciones-del-sector-textil-ingresaron-al-pais-a-precios-subfacturados/" rel="bookmark">Argentina: denuncian que el 76% de las importaciones del sector textil ingresaron al país a precios subfacturados</a></h3></div>
						</div><!-- .dpt-entry -->
												<div class="dpt-entry no-thumbnail">
							<div class="dpt-entry-wrapper"><h3 class=" dpt-title"><a class="dpt-title-link" href="https://comunidadtextil.com/wpnews/2026/04/el-inti-de-argentina-lanza-un-curso-sobre-materiales-biobasados-para-textiles/" rel="bookmark">El INTI de Argentina lanza un curso sobre materiales biobasados para textiles</a></h3></div>
						</div><!-- .dpt-entry -->
												<div class="dpt-entry no-thumbnail">
							<div class="dpt-entry-wrapper"><h3 class=" dpt-title"><a class="dpt-title-link" href="https://comunidadtextil.com/wpnews/2026/03/argentina-compras-online-agravan-la-crisis-minorista-y-aumentan-los-locales-vacios/" rel="bookmark">Argentina: compras online agravan la crisis minorista y aumentan los locales vacíos</a></h3></div>
						</div><!-- .dpt-entry -->
												<div class="dpt-entry no-thumbnail">
							<div class="dpt-entry-wrapper"><h3 class=" dpt-title"><a class="dpt-title-link" href="https://comunidadtextil.com/wpnews/2026/03/la-industria-pyme-argentina-llevo-al-parlamento-un-fuerte-proyecto-para-la-reactivacion/" rel="bookmark">La industria PYME argentina llevó al Parlamento un fuerte proyecto para la reactivación</a></h3></div>
						</div><!-- .dpt-entry -->
												<div class="dpt-entry no-thumbnail">
							<div class="dpt-entry-wrapper"><h3 class=" dpt-title"><a class="dpt-title-link" href="https://comunidadtextil.com/wpnews/2026/03/mango-vuelve-proximamente-al-mercado-de-argentina-a-traves-de-una-empresa-local/" rel="bookmark">Mango vuelve próximamente al mercado de Argentina a través de una Empresa local</a></h3></div>
						</div><!-- .dpt-entry -->
												<div class="dpt-entry no-thumbnail">
							<div class="dpt-entry-wrapper"><h3 class=" dpt-title"><a class="dpt-title-link" href="https://comunidadtextil.com/wpnews/2026/03/argentina-los-empresarios-dicen-que-la-industria-textil-vive-una-situacion-terminal/" rel="bookmark">Argentina: los empresarios dicen que la industria textil vive una situación terminal</a></h3></div>
						</div><!-- .dpt-entry -->
												<div class="dpt-entry no-thumbnail">
							<div class="dpt-entry-wrapper"><h3 class=" dpt-title"><a class="dpt-title-link" href="https://comunidadtextil.com/wpnews/2026/02/escandalo-adidas-fabrica-en-en-tailandia-la-camiseta-de-la-seleccion-argentina-de-futbol/" rel="bookmark">Escándalo: Adidas fabrica en en Tailandia la camiseta de la selección argentina de fútbol</a></h3></div>
						</div><!-- .dpt-entry -->
												<div class="dpt-entry no-thumbnail">
							<div class="dpt-entry-wrapper"><h3 class=" dpt-title"><a class="dpt-title-link" href="https://comunidadtextil.com/wpnews/2026/02/maria-cher-reduce-precios-y-lanzara-una-linea-de-ropa-mas-accesible-y-cotidiana/" rel="bookmark">María Cher reduce precios y lanzará una línea de ropa más accesible y cotidiana</a></h3></div>
						</div><!-- .dpt-entry -->
												<div class="dpt-entry no-thumbnail">
							<div class="dpt-entry-wrapper"><h3 class=" dpt-title"><a class="dpt-title-link" href="https://comunidadtextil.com/wpnews/2026/01/la-crisis-argentina-no-para-cerro-otra-textil-historica-por-la-suba-de-las-importaciones/" rel="bookmark">La crisis argentina no para: cerró otra textil histórica por la suba de las importaciones</a></h3></div>
						</div><!-- .dpt-entry -->
												<div class="dpt-entry no-thumbnail">
							<div class="dpt-entry-wrapper"><h3 class=" dpt-title"><a class="dpt-title-link" href="https://comunidadtextil.com/wpnews/2026/01/vicunha-textil-eseka-y-otras-empresas-en-conflicto-por-la-crisis-del-mercado-argentino/" rel="bookmark">Vicunha Textil, Eseka y otras empresas en conflicto por la crisis del mercado argentino</a></h3></div>
						</div><!-- .dpt-entry -->
												<div class="dpt-entry no-thumbnail">
							<div class="dpt-entry-wrapper"><h3 class=" dpt-title"><a class="dpt-title-link" href="https://comunidadtextil.com/wpnews/2026/01/argentina-la-textil-mas-grande-del-pais-cerro-otra-planta-por-el-derrumbe-de-la-demanda/" rel="bookmark">Argentina: la textil más grande del país cerró otra planta por el derrumbe de la demanda</a></h3></div>
						</div><!-- .dpt-entry -->
												<div class="dpt-entry no-thumbnail">
							<div class="dpt-entry-wrapper"><h3 class=" dpt-title"><a class="dpt-title-link" href="https://comunidadtextil.com/wpnews/2026/01/la-fundacion-protejer-de-la-argentina-exige-frenar-ya-el-ingreso-de-ropa-usada/" rel="bookmark">La Fundación ProTejer de la Argentina exige frenar ya el ingreso de ropa usada</a></h3></div>
						</div><!-- .dpt-entry -->
												<div class="dpt-entry no-thumbnail">
							<div class="dpt-entry-wrapper"><h3 class=" dpt-title"><a class="dpt-title-link" href="https://comunidadtextil.com/wpnews/2026/01/europa-espera-con-ansias-el-tratado-con-el-mercosur-y-ya-esta-preparando-su-abordaje/" rel="bookmark">Europa espera con ansias el tratado con el Mercosur y ya esta preparando el «abordaje»</a></h3></div>
						</div><!-- .dpt-entry -->
						
				</div>
			<div class="dp-pagination"><span aria-current="page" class="page-numbers current">1</span>
<a class="page-numbers" href="https://comunidadtextil.com/wpnews/wp-json/wp/v2/pages/17248/?paged1=2">2</a>
<a class="page-numbers" href="https://comunidadtextil.com/wpnews/wp-json/wp/v2/pages/17248/?paged1=3">3</a>
<span class="page-numbers dots">&hellip;</span>
<a class="page-numbers" href="https://comunidadtextil.com/wpnews/wp-json/wp/v2/pages/17248/?paged1=28">28</a>
<a class="next page-numbers" href="https://comunidadtextil.com/wpnews/wp-json/wp/v2/pages/17248/?paged1=2">Siguiente &raquo;</a></div>			</div>
