{"id":17228,"date":"2024-10-09T11:21:20","date_gmt":"2024-10-09T14:21:20","guid":{"rendered":"http:\/\/comunidadtextil.com\/wpnews\/?page_id=17228"},"modified":"2024-10-09T11:21:20","modified_gmt":"2024-10-09T14:21:20","slug":"diversidad-equidad-e-inclusion","status":"publish","type":"page","link":"https:\/\/comunidadtextil.com\/wpnews\/diversidad-equidad-e-inclusion\/","title":{"rendered":"Diversidad, Equidad e Inclusi\u00f3n"},"content":{"rendered":"\n\t\t\t<div class=\"display-post-types\">\n\t\t\t\t\n\t\t\t\t\t\t\t<style type=\"text\/css\">\n\t\t\t#dpt-wrapper-106 { --dpt-text-align: left;--dpt-image-crop: center;--dpt-border-radius: 5px;--dpt-h-gutter: 10px;--dpt-v-gutter: 10px; }\t\t\t<\/style>\n\t\t\t<style type=\"text\/css\">#dpt-wrapper-106 { --dpt-title-font-style:normal;--dpt-title-font-weight:600;--dpt-title-font-size:22px;--dpt-title-line-height:1.5;--dpt-title-text-decoration:none;--dpt-title-text-transform:none;--dpt-title-text-color:#2e1111;--dpt-title-link-hover-color:#f740ab;--dpt-excerpt-font-style:normal;--dpt-excerpt-font-weight:400;--dpt-excerpt-line-height:1.5;--dpt-excerpt-text-decoration:none;--dpt-excerpt-text-transform:none;--dpt-meta1-font-style:normal;--dpt-meta1-font-weight:400;--dpt-meta1-line-height:1.9;--dpt-meta1-text-decoration:none;--dpt-meta1-text-transform:none;--dpt-meta2-font-style:normal;--dpt-meta2-font-weight:400;--dpt-meta2-line-height:1.9;--dpt-meta2-text-decoration:none;--dpt-meta2-text-transform:none;--dpt-wrapper-padding:10px 10px 10px 10px;--dpt-wrapper-br-width:1px 1px 1px 1px;--dpt-wrapper-entry-width:80%;--dpt-wrapper-br-radius:5px 5px 5px 5px;--dpt-wrapper-br-color:; }<\/style><div class=\" dpt-main-header\"><div class=\"dpt-main-title\"><a class=\"dpt-main-title-link\" href=\"https:\/\/comunidadtextil.com\/wpnews\/category\/diversidad-equidad-inclusion\/\"><span class=\"dpt-main-title-text\">Diversidad, Equidad e Inclusi\u00f3n<\/span><\/a><\/div><\/div>\t\t\t\n\t\t\t\t<div id=\"dpt-wrapper-106\" class=\"dpt-wrapper dpt-list2 dpt-flex-wrap dpt-contained-wraptype\" >\n\n\t\t\t\t\t\t\t\t\t\t\t<div class=\"dpt-entry no-thumbnail\">\n\t\t\t\t\t\t\t<div class=\"dpt-entry-wrapper\"><h3 class=\" dpt-title\"><a class=\"dpt-title-link\" href=\"https:\/\/comunidadtextil.com\/wpnews\/2025\/11\/italia-busca-certificar-a-los-talleres-que-producen-para-las-grandes-marcas-de-lujo\/\" rel=\"bookmark\">Italia busca certificar a los talleres que producen para las grandes marcas de lujo<\/a><\/h3><\/div>\n\t\t\t\t\t\t<\/div><!-- .dpt-entry -->\n\t\t\t\t\t\t\t\t\t\t\t\t<div class=\"dpt-entry no-thumbnail\">\n\t\t\t\t\t\t\t<div class=\"dpt-entry-wrapper\"><h3 class=\" dpt-title\"><a class=\"dpt-title-link\" href=\"https:\/\/comunidadtextil.com\/wpnews\/2025\/05\/gorda-el-salon-de-moda-plus-size-vuelve-a-bogota-y-presenta-su-novena-edicion\/\" rel=\"bookmark\">\u201cGorda\u201d, el sal\u00f3n de moda plus size vuelve a Bogot\u00e1 y presenta su novena edici\u00f3n<\/a><\/h3><\/div>\n\t\t\t\t\t\t<\/div><!-- .dpt-entry -->\n\t\t\t\t\t\t\t\t\t\t\t\t<div class=\"dpt-entry no-thumbnail\">\n\t\t\t\t\t\t\t<div class=\"dpt-entry-wrapper\"><h3 class=\" dpt-title\"><a class=\"dpt-title-link\" href=\"https:\/\/comunidadtextil.com\/wpnews\/2024\/07\/la-diversidad-de-tallas-sigue-fuera-de-las-pasarelas-de-las-grandes-marcas-masculinas\/\" rel=\"bookmark\">La diversidad de tallas sigue fuera de las pasarelas de las grandes marcas masculinas<\/a><\/h3><\/div>\n\t\t\t\t\t\t<\/div><!-- .dpt-entry -->\n\t\t\t\t\t\t\t\t\t\t\t\t<div class=\"dpt-entry no-thumbnail\">\n\t\t\t\t\t\t\t<div class=\"dpt-entry-wrapper\"><h3 class=\" dpt-title\"><a class=\"dpt-title-link\" href=\"https:\/\/comunidadtextil.com\/wpnews\/2024\/06\/la-asociacion-espanola-del-comercio-textil-suma-al-pacto-mundial-de-naciones-unidas\/\" rel=\"bookmark\">La asociaci\u00f3n espa\u00f1ola del comercio textil suma al Pacto Mundial de Naciones Unidas<\/a><\/h3><\/div>\n\t\t\t\t\t\t<\/div><!-- .dpt-entry -->\n\t\t\t\t\t\t\t\t\t\t\t\t<div class=\"dpt-entry no-thumbnail\">\n\t\t\t\t\t\t\t<div class=\"dpt-entry-wrapper\"><h3 class=\" dpt-title\"><a class=\"dpt-title-link\" href=\"https:\/\/comunidadtextil.com\/wpnews\/2024\/06\/la-casa-dior-de-italia-quedo-en-administracion-judicial-por-utilizar-talleres-clandestinos\/\" rel=\"bookmark\">La casa Dior de Italia qued\u00f3 en administraci\u00f3n judicial por utilizar talleres clandestinos<\/a><\/h3><\/div>\n\t\t\t\t\t\t<\/div><!-- .dpt-entry -->\n\t\t\t\t\t\t\t\t\t\t\t\t<div class=\"dpt-entry no-thumbnail\">\n\t\t\t\t\t\t\t<div class=\"dpt-entry-wrapper\"><h3 class=\" dpt-title\"><a class=\"dpt-title-link\" href=\"https:\/\/comunidadtextil.com\/wpnews\/2024\/04\/presentan-en-new-york-una-muestra-que-se-inspira-en-textiles-andinos-antiguos\/\" rel=\"bookmark\">Presentan en New York una muestra que se inspira en textiles andinos antiguos<\/a><\/h3><\/div>\n\t\t\t\t\t\t<\/div><!-- .dpt-entry -->\n\t\t\t\t\t\t\t\t\t\t\t\t<div class=\"dpt-entry no-thumbnail\">\n\t\t\t\t\t\t\t<div class=\"dpt-entry-wrapper\"><h3 class=\" dpt-title\"><a class=\"dpt-title-link\" href=\"https:\/\/comunidadtextil.com\/wpnews\/2024\/03\/inditex-se-resiste-a-informar-toda-su-cadena-de-suministro-como-hacen-otras-empresas\/\" rel=\"bookmark\">Inditex se resiste a informar toda su cadena de suministro como hacen otras empresas<\/a><\/h3><\/div>\n\t\t\t\t\t\t<\/div><!-- .dpt-entry -->\n\t\t\t\t\t\t\t\t\t\t\t\t<div class=\"dpt-entry no-thumbnail\">\n\t\t\t\t\t\t\t<div class=\"dpt-entry-wrapper\"><h3 class=\" dpt-title\"><a class=\"dpt-title-link\" href=\"https:\/\/comunidadtextil.com\/wpnews\/2023\/12\/bangladesh-hm-absorbera-los-nuevos-aumentos-de-los-salarios-para-los-trabajadores\/\" rel=\"bookmark\">Bangladesh: H&#038;M absorber\u00e1 los nuevos aumentos de los salarios para los trabajadores<\/a><\/h3><\/div>\n\t\t\t\t\t\t<\/div><!-- .dpt-entry -->\n\t\t\t\t\t\t\t\t\t\t\t\t<div class=\"dpt-entry no-thumbnail\">\n\t\t\t\t\t\t\t<div class=\"dpt-entry-wrapper\"><h3 class=\" dpt-title\"><a class=\"dpt-title-link\" href=\"https:\/\/comunidadtextil.com\/wpnews\/2023\/11\/miles-de-operarios-bengalies-protestan-y-son-reprimidos-por-reclamos-de-mejoras-salariales\/\" rel=\"bookmark\">Miles de operarios bengal\u00edes protestan y son reprimidos por reclamos de mejoras salariales<\/a><\/h3><\/div>\n\t\t\t\t\t\t<\/div><!-- .dpt-entry -->\n\t\t\t\t\t\t\t\t\t\t\t\t<div class=\"dpt-entry no-thumbnail\">\n\t\t\t\t\t\t\t<div class=\"dpt-entry-wrapper\"><h3 class=\" dpt-title\"><a class=\"dpt-title-link\" href=\"https:\/\/comunidadtextil.com\/wpnews\/2023\/10\/inditex-se-une-a-la-international-apparel-federation-en-busca-de-cambiar-la-industria-textil\/\" rel=\"bookmark\">Inditex se une a la International Apparel Federation en busca de \u201ccambiar la industria textil\u201d<\/a><\/h3><\/div>\n\t\t\t\t\t\t<\/div><!-- .dpt-entry -->\n\t\t\t\t\t\t\t\t\t\t\t\t<div class=\"dpt-entry no-thumbnail\">\n\t\t\t\t\t\t\t<div class=\"dpt-entry-wrapper\"><h3 class=\" dpt-title\"><a class=\"dpt-title-link\" href=\"https:\/\/comunidadtextil.com\/wpnews\/2023\/10\/sin-escuchar-las-voces-sobre-diversidad-de-los-cuerpos-la-moda-impone-la-delgadez\/\" rel=\"bookmark\">Sin escuchar las voces sobre \u2018diversidad de los cuerpos\u2019 la moda impone la delgadez<\/a><\/h3><\/div>\n\t\t\t\t\t\t<\/div><!-- .dpt-entry -->\n\t\t\t\t\t\t\t\t\t\t\t\t<div class=\"dpt-entry no-thumbnail\">\n\t\t\t\t\t\t\t<div class=\"dpt-entry-wrapper\"><h3 class=\" dpt-title\"><a class=\"dpt-title-link\" href=\"https:\/\/comunidadtextil.com\/wpnews\/2023\/08\/acusan-a-hm-e-inditex-de-abusar-de-sus-proveedores-pagando-por-debajo-del-valor\/\" rel=\"bookmark\">Acusan a H&#038;M e Inditex de abusar de sus proveedores pagando por debajo del valor<\/a><\/h3><\/div>\n\t\t\t\t\t\t<\/div><!-- .dpt-entry -->\n\t\t\t\t\t\t\t\t\t\t\t\t<div class=\"dpt-entry no-thumbnail\">\n\t\t\t\t\t\t\t<div class=\"dpt-entry-wrapper\"><h3 class=\" dpt-title\"><a class=\"dpt-title-link\" href=\"https:\/\/comunidadtextil.com\/wpnews\/2023\/08\/victorias-secret-presentara-una-coleccion-de-lenceria-adaptable-a-discapacitadas\/\" rel=\"bookmark\">Victoria\u2019s Secret presentar\u00e1 una colecci\u00f3n de lencer\u00eda adaptable a discapacitadas<\/a><\/h3><\/div>\n\t\t\t\t\t\t<\/div><!-- .dpt-entry -->\n\t\t\t\t\t\t\t\t\t\t\t\t<div class=\"dpt-entry no-thumbnail\">\n\t\t\t\t\t\t\t<div class=\"dpt-entry-wrapper\"><h3 class=\" dpt-title\"><a class=\"dpt-title-link\" href=\"https:\/\/comunidadtextil.com\/wpnews\/2023\/07\/la-provincia-del-chaco-adhirio-a-la-ley-de-talles-que-fija-una-medida-unica-para-las-marcas\/\" rel=\"bookmark\">La provincia del Chaco adhiri\u00f3 a la Ley de Talles que fija una medida \u00fanica para las marcas<\/a><\/h3><\/div>\n\t\t\t\t\t\t<\/div><!-- .dpt-entry -->\n\t\t\t\t\t\t\n\t\t\t\t<\/div>\n\t\t\t<div class=\"dp-pagination\"><span aria-current=\"page\" class=\"page-numbers current\">1<\/span>\n<a class=\"page-numbers\" href=\"https:\/\/comunidadtextil.com\/wpnews\/wp-json\/wp\/v2\/pages\/17228\/?paged1=2\">2<\/a>\n<a class=\"page-numbers\" href=\"https:\/\/comunidadtextil.com\/wpnews\/wp-json\/wp\/v2\/pages\/17228\/?paged1=3\">3<\/a>\n<a class=\"next page-numbers\" href=\"https:\/\/comunidadtextil.com\/wpnews\/wp-json\/wp\/v2\/pages\/17228\/?paged1=2\">Siguiente &raquo;<\/a><\/div>\t\t\t<\/div>\n\t\t\t\n","protected":false},"excerpt":{"rendered":"","protected":false},"author":1924,"featured_media":0,"parent":0,"menu_order":0,"comment_status":"closed","ping_status":"closed","template":"","meta":{"footnotes":""},"class_list":["post-17228","page","type-page","status-publish","hentry","count-0","even alt","author-adminct","last"],"_links":{"self":[{"href":"https:\/\/comunidadtextil.com\/wpnews\/wp-json\/wp\/v2\/pages\/17228","targetHints":{"allow":["GET"]}}],"collection":[{"href":"https:\/\/comunidadtextil.com\/wpnews\/wp-json\/wp\/v2\/pages"}],"about":[{"href":"https:\/\/comunidadtextil.com\/wpnews\/wp-json\/wp\/v2\/types\/page"}],"author":[{"embeddable":true,"href":"https:\/\/comunidadtextil.com\/wpnews\/wp-json\/wp\/v2\/users\/1924"}],"replies":[{"embeddable":true,"href":"https:\/\/comunidadtextil.com\/wpnews\/wp-json\/wp\/v2\/comments?post=17228"}],"version-history":[{"count":1,"href":"https:\/\/comunidadtextil.com\/wpnews\/wp-json\/wp\/v2\/pages\/17228\/revisions"}],"predecessor-version":[{"id":17229,"href":"https:\/\/comunidadtextil.com\/wpnews\/wp-json\/wp\/v2\/pages\/17228\/revisions\/17229"}],"wp:attachment":[{"href":"https:\/\/comunidadtextil.com\/wpnews\/wp-json\/wp\/v2\/media?parent=17228"}],"curies":[{"name":"wp","href":"https:\/\/api.w.org\/{rel}","templated":true}]}}

Diversidad, Equidad e Inclusión

<div class="display-post-types">
				
							<style type="text/css">
			#dpt-wrapper-106 { --dpt-text-align: left;--dpt-image-crop: center;--dpt-border-radius: 5px;--dpt-h-gutter: 10px;--dpt-v-gutter: 10px; }			</style>
			<style type="text/css">#dpt-wrapper-106 { --dpt-title-font-style:normal;--dpt-title-font-weight:600;--dpt-title-font-size:22px;--dpt-title-line-height:1.5;--dpt-title-text-decoration:none;--dpt-title-text-transform:none;--dpt-title-text-color:#2e1111;--dpt-title-link-hover-color:#f740ab;--dpt-excerpt-font-style:normal;--dpt-excerpt-font-weight:400;--dpt-excerpt-line-height:1.5;--dpt-excerpt-text-decoration:none;--dpt-excerpt-text-transform:none;--dpt-meta1-font-style:normal;--dpt-meta1-font-weight:400;--dpt-meta1-line-height:1.9;--dpt-meta1-text-decoration:none;--dpt-meta1-text-transform:none;--dpt-meta2-font-style:normal;--dpt-meta2-font-weight:400;--dpt-meta2-line-height:1.9;--dpt-meta2-text-decoration:none;--dpt-meta2-text-transform:none;--dpt-wrapper-padding:10px 10px 10px 10px;--dpt-wrapper-br-width:1px 1px 1px 1px;--dpt-wrapper-entry-width:80%;--dpt-wrapper-br-radius:5px 5px 5px 5px;--dpt-wrapper-br-color:; }</style><div class=" dpt-main-header"><div class="dpt-main-title"><a class="dpt-main-title-link" href="https://comunidadtextil.com/wpnews/category/diversidad-equidad-inclusion/"><span class="dpt-main-title-text">Diversidad, Equidad e Inclusión</span></a></div></div>			
				<div id="dpt-wrapper-106" class="dpt-wrapper dpt-list2 dpt-flex-wrap dpt-contained-wraptype" >

											<div class="dpt-entry no-thumbnail">
							<div class="dpt-entry-wrapper"><h3 class=" dpt-title"><a class="dpt-title-link" href="https://comunidadtextil.com/wpnews/2025/11/italia-busca-certificar-a-los-talleres-que-producen-para-las-grandes-marcas-de-lujo/" rel="bookmark">Italia busca certificar a los talleres que producen para las grandes marcas de lujo</a></h3></div>
						</div><!-- .dpt-entry -->
												<div class="dpt-entry no-thumbnail">
							<div class="dpt-entry-wrapper"><h3 class=" dpt-title"><a class="dpt-title-link" href="https://comunidadtextil.com/wpnews/2025/05/gorda-el-salon-de-moda-plus-size-vuelve-a-bogota-y-presenta-su-novena-edicion/" rel="bookmark">“Gorda”, el salón de moda plus size vuelve a Bogotá y presenta su novena edición</a></h3></div>
						</div><!-- .dpt-entry -->
												<div class="dpt-entry no-thumbnail">
							<div class="dpt-entry-wrapper"><h3 class=" dpt-title"><a class="dpt-title-link" href="https://comunidadtextil.com/wpnews/2024/07/la-diversidad-de-tallas-sigue-fuera-de-las-pasarelas-de-las-grandes-marcas-masculinas/" rel="bookmark">La diversidad de tallas sigue fuera de las pasarelas de las grandes marcas masculinas</a></h3></div>
						</div><!-- .dpt-entry -->
												<div class="dpt-entry no-thumbnail">
							<div class="dpt-entry-wrapper"><h3 class=" dpt-title"><a class="dpt-title-link" href="https://comunidadtextil.com/wpnews/2024/06/la-asociacion-espanola-del-comercio-textil-suma-al-pacto-mundial-de-naciones-unidas/" rel="bookmark">La asociación española del comercio textil suma al Pacto Mundial de Naciones Unidas</a></h3></div>
						</div><!-- .dpt-entry -->
												<div class="dpt-entry no-thumbnail">
							<div class="dpt-entry-wrapper"><h3 class=" dpt-title"><a class="dpt-title-link" href="https://comunidadtextil.com/wpnews/2024/06/la-casa-dior-de-italia-quedo-en-administracion-judicial-por-utilizar-talleres-clandestinos/" rel="bookmark">La casa Dior de Italia quedó en administración judicial por utilizar talleres clandestinos</a></h3></div>
						</div><!-- .dpt-entry -->
												<div class="dpt-entry no-thumbnail">
							<div class="dpt-entry-wrapper"><h3 class=" dpt-title"><a class="dpt-title-link" href="https://comunidadtextil.com/wpnews/2024/04/presentan-en-new-york-una-muestra-que-se-inspira-en-textiles-andinos-antiguos/" rel="bookmark">Presentan en New York una muestra que se inspira en textiles andinos antiguos</a></h3></div>
						</div><!-- .dpt-entry -->
												<div class="dpt-entry no-thumbnail">
							<div class="dpt-entry-wrapper"><h3 class=" dpt-title"><a class="dpt-title-link" href="https://comunidadtextil.com/wpnews/2024/03/inditex-se-resiste-a-informar-toda-su-cadena-de-suministro-como-hacen-otras-empresas/" rel="bookmark">Inditex se resiste a informar toda su cadena de suministro como hacen otras empresas</a></h3></div>
						</div><!-- .dpt-entry -->
												<div class="dpt-entry no-thumbnail">
							<div class="dpt-entry-wrapper"><h3 class=" dpt-title"><a class="dpt-title-link" href="https://comunidadtextil.com/wpnews/2023/12/bangladesh-hm-absorbera-los-nuevos-aumentos-de-los-salarios-para-los-trabajadores/" rel="bookmark">Bangladesh: H&#038;M absorberá los nuevos aumentos de los salarios para los trabajadores</a></h3></div>
						</div><!-- .dpt-entry -->
												<div class="dpt-entry no-thumbnail">
							<div class="dpt-entry-wrapper"><h3 class=" dpt-title"><a class="dpt-title-link" href="https://comunidadtextil.com/wpnews/2023/11/miles-de-operarios-bengalies-protestan-y-son-reprimidos-por-reclamos-de-mejoras-salariales/" rel="bookmark">Miles de operarios bengalíes protestan y son reprimidos por reclamos de mejoras salariales</a></h3></div>
						</div><!-- .dpt-entry -->
												<div class="dpt-entry no-thumbnail">
							<div class="dpt-entry-wrapper"><h3 class=" dpt-title"><a class="dpt-title-link" href="https://comunidadtextil.com/wpnews/2023/10/inditex-se-une-a-la-international-apparel-federation-en-busca-de-cambiar-la-industria-textil/" rel="bookmark">Inditex se une a la International Apparel Federation en busca de “cambiar la industria textil”</a></h3></div>
						</div><!-- .dpt-entry -->
												<div class="dpt-entry no-thumbnail">
							<div class="dpt-entry-wrapper"><h3 class=" dpt-title"><a class="dpt-title-link" href="https://comunidadtextil.com/wpnews/2023/10/sin-escuchar-las-voces-sobre-diversidad-de-los-cuerpos-la-moda-impone-la-delgadez/" rel="bookmark">Sin escuchar las voces sobre ‘diversidad de los cuerpos’ la moda impone la delgadez</a></h3></div>
						</div><!-- .dpt-entry -->
												<div class="dpt-entry no-thumbnail">
							<div class="dpt-entry-wrapper"><h3 class=" dpt-title"><a class="dpt-title-link" href="https://comunidadtextil.com/wpnews/2023/08/acusan-a-hm-e-inditex-de-abusar-de-sus-proveedores-pagando-por-debajo-del-valor/" rel="bookmark">Acusan a H&#038;M e Inditex de abusar de sus proveedores pagando por debajo del valor</a></h3></div>
						</div><!-- .dpt-entry -->
												<div class="dpt-entry no-thumbnail">
							<div class="dpt-entry-wrapper"><h3 class=" dpt-title"><a class="dpt-title-link" href="https://comunidadtextil.com/wpnews/2023/08/victorias-secret-presentara-una-coleccion-de-lenceria-adaptable-a-discapacitadas/" rel="bookmark">Victoria’s Secret presentará una colección de lencería adaptable a discapacitadas</a></h3></div>
						</div><!-- .dpt-entry -->
												<div class="dpt-entry no-thumbnail">
							<div class="dpt-entry-wrapper"><h3 class=" dpt-title"><a class="dpt-title-link" href="https://comunidadtextil.com/wpnews/2023/07/la-provincia-del-chaco-adhirio-a-la-ley-de-talles-que-fija-una-medida-unica-para-las-marcas/" rel="bookmark">La provincia del Chaco adhirió a la Ley de Talles que fija una medida única para las marcas</a></h3></div>
						</div><!-- .dpt-entry -->
						
				</div>
			<div class="dp-pagination"><span aria-current="page" class="page-numbers current">1</span>
<a class="page-numbers" href="https://comunidadtextil.com/wpnews/wp-json/wp/v2/pages/17228/?paged1=2">2</a>
<a class="page-numbers" href="https://comunidadtextil.com/wpnews/wp-json/wp/v2/pages/17228/?paged1=3">3</a>
<a class="next page-numbers" href="https://comunidadtextil.com/wpnews/wp-json/wp/v2/pages/17228/?paged1=2">Siguiente &raquo;</a></div>			</div>
