{"id":17224,"date":"2024-10-09T11:19:49","date_gmt":"2024-10-09T14:19:49","guid":{"rendered":"http:\/\/comunidadtextil.com\/wpnews\/?page_id=17224"},"modified":"2024-10-09T11:19:49","modified_gmt":"2024-10-09T14:19:49","slug":"crisis","status":"publish","type":"page","link":"https:\/\/comunidadtextil.com\/wpnews\/crisis\/","title":{"rendered":"Crisis"},"content":{"rendered":"\n\t\t\t<div class=\"display-post-types\">\n\t\t\t\t\n\t\t\t\t\t\t\t<style type=\"text\/css\">\n\t\t\t#dpt-wrapper-950 { --dpt-text-align: left;--dpt-image-crop: center;--dpt-border-radius: 5px;--dpt-h-gutter: 10px;--dpt-v-gutter: 10px; }\t\t\t<\/style>\n\t\t\t<style type=\"text\/css\">#dpt-wrapper-950 { --dpt-title-font-style:normal;--dpt-title-font-weight:600;--dpt-title-font-size:22px;--dpt-title-line-height:1.5;--dpt-title-text-decoration:none;--dpt-title-text-transform:none;--dpt-title-text-color:#2e1111;--dpt-title-link-hover-color:#f740ab;--dpt-excerpt-font-style:normal;--dpt-excerpt-font-weight:400;--dpt-excerpt-line-height:1.5;--dpt-excerpt-text-decoration:none;--dpt-excerpt-text-transform:none;--dpt-meta1-font-style:normal;--dpt-meta1-font-weight:400;--dpt-meta1-line-height:1.9;--dpt-meta1-text-decoration:none;--dpt-meta1-text-transform:none;--dpt-meta2-font-style:normal;--dpt-meta2-font-weight:400;--dpt-meta2-line-height:1.9;--dpt-meta2-text-decoration:none;--dpt-meta2-text-transform:none;--dpt-wrapper-padding:10px 10px 10px 10px;--dpt-wrapper-br-width:1px 1px 1px 1px;--dpt-wrapper-entry-width:80%;--dpt-wrapper-br-radius:5px 5px 5px 5px;--dpt-wrapper-br-color:; }<\/style><div class=\" dpt-main-header\"><div class=\"dpt-main-title\"><a class=\"dpt-main-title-link\" href=\"https:\/\/comunidadtextil.com\/wpnews\/category\/crisis\/\"><span class=\"dpt-main-title-text\">Crisis<\/span><\/a><\/div><\/div>\t\t\t\n\t\t\t\t<div id=\"dpt-wrapper-950\" class=\"dpt-wrapper dpt-list2 dpt-flex-wrap dpt-contained-wraptype\" >\n\n\t\t\t\t\t\t\t\t\t\t\t<div class=\"dpt-entry no-thumbnail\">\n\t\t\t\t\t\t\t<div class=\"dpt-entry-wrapper\"><h3 class=\" dpt-title\"><a class=\"dpt-title-link\" href=\"https:\/\/comunidadtextil.com\/wpnews\/2025\/08\/la-industria-argentina-sigue-cayendo-y-soporta-la-peor-crisis-de-los-25-ultimos-anos\/\" rel=\"bookmark\">La industria argentina sigue cayendo y soporta la peor crisis de los 25 \u00faltimos a\u00f1os<\/a><\/h3><\/div>\n\t\t\t\t\t\t<\/div><!-- .dpt-entry -->\n\t\t\t\t\t\t\t\t\t\t\t\t<div class=\"dpt-entry no-thumbnail\">\n\t\t\t\t\t\t\t<div class=\"dpt-entry-wrapper\"><h3 class=\" dpt-title\"><a class=\"dpt-title-link\" href=\"https:\/\/comunidadtextil.com\/wpnews\/2025\/07\/lectra-informo-que-sufrio-una-reduccion-en-su-rentabilidad-por-la-incertidumbre-global\/\" rel=\"bookmark\">Lectra inform\u00f3 que sufri\u00f3 una reducci\u00f3n en su rentabilidad por la incertidumbre global<\/a><\/h3><\/div>\n\t\t\t\t\t\t<\/div><!-- .dpt-entry -->\n\t\t\t\t\t\t\t\t\t\t\t\t<div class=\"dpt-entry no-thumbnail\">\n\t\t\t\t\t\t\t<div class=\"dpt-entry-wrapper\"><h3 class=\" dpt-title\"><a class=\"dpt-title-link\" href=\"https:\/\/comunidadtextil.com\/wpnews\/2025\/06\/por-la-menor-demanda-mas-de-la-mitad-de-las-textiles-de-argentina-recorto-personal\/\" rel=\"bookmark\">Por la menor demanda m\u00e1s de la mitad de las textiles de Argentina recort\u00f3 personal<\/a><\/h3><\/div>\n\t\t\t\t\t\t<\/div><!-- .dpt-entry -->\n\t\t\t\t\t\t\t\t\t\t\t\t<div class=\"dpt-entry no-thumbnail\">\n\t\t\t\t\t\t\t<div class=\"dpt-entry-wrapper\"><h3 class=\" dpt-title\"><a class=\"dpt-title-link\" href=\"https:\/\/comunidadtextil.com\/wpnews\/2025\/06\/alemania-crisis-del-comercio-minorista-de-moda-por-una-fuerte-caida-de-del-consumo\/\" rel=\"bookmark\">Alemania: crisis del comercio minorista de moda por una fuerte ca\u00edda de del consumo<\/a><\/h3><\/div>\n\t\t\t\t\t\t<\/div><!-- .dpt-entry -->\n\t\t\t\t\t\t\t\t\t\t\t\t<div class=\"dpt-entry no-thumbnail\">\n\t\t\t\t\t\t\t<div class=\"dpt-entry-wrapper\"><h3 class=\" dpt-title\"><a class=\"dpt-title-link\" href=\"https:\/\/comunidadtextil.com\/wpnews\/2025\/05\/argentina-se-vende-mas-ropa-importada-y-menos-produccion-local-por-la-baja-de-aranceles\/\" rel=\"bookmark\">Argentina: se vende m\u00e1s ropa importada y menos producci\u00f3n local, por la baja de aranceles<\/a><\/h3><\/div>\n\t\t\t\t\t\t<\/div><!-- .dpt-entry -->\n\t\t\t\t\t\t\t\t\t\t\t\t<div class=\"dpt-entry no-thumbnail\">\n\t\t\t\t\t\t\t<div class=\"dpt-entry-wrapper\"><h3 class=\" dpt-title\"><a class=\"dpt-title-link\" href=\"https:\/\/comunidadtextil.com\/wpnews\/2025\/05\/en-india-sacan-provecho-de-conflicto-belico-con-pakistan-y-alientan-la-moda-patriotica\/\" rel=\"bookmark\">En India sacan provecho de conflicto b\u00e9lico con Pakist\u00e1n y alientan la \u2018moda patri\u00f3tica\u2019<\/a><\/h3><\/div>\n\t\t\t\t\t\t<\/div><!-- .dpt-entry -->\n\t\t\t\t\t\t\t\t\t\t\t\t<div class=\"dpt-entry no-thumbnail\">\n\t\t\t\t\t\t\t<div class=\"dpt-entry-wrapper\"><h3 class=\" dpt-title\"><a class=\"dpt-title-link\" href=\"https:\/\/comunidadtextil.com\/wpnews\/2024\/11\/un-24-de-las-empresas-argentinas-de-indumentaria-piensa-en-reducir-personal\/\" rel=\"bookmark\">Un 24% de las empresas argentinas de indumentaria piensa en reducir personal<\/a><\/h3><\/div>\n\t\t\t\t\t\t<\/div><!-- .dpt-entry -->\n\t\t\t\t\t\t\t\t\t\t\t\t<div class=\"dpt-entry no-thumbnail\">\n\t\t\t\t\t\t\t<div class=\"dpt-entry-wrapper\"><h3 class=\" dpt-title\"><a class=\"dpt-title-link\" href=\"https:\/\/comunidadtextil.com\/wpnews\/2024\/04\/por-la-caida-en-las-ventas-levis-suspende-su-linea-de-calzado-y-cierra-una-fabrica\/\" rel=\"bookmark\">Por la ca\u00edda en las ventas, Levi\u00b4s suspende su l\u00ednea de calzado y cierra una f\u00e1brica<\/a><\/h3><\/div>\n\t\t\t\t\t\t<\/div><!-- .dpt-entry -->\n\t\t\t\t\t\t\t\t\t\t\t\t<div class=\"dpt-entry no-thumbnail\">\n\t\t\t\t\t\t\t<div class=\"dpt-entry-wrapper\"><h3 class=\" dpt-title\"><a class=\"dpt-title-link\" href=\"https:\/\/comunidadtextil.com\/wpnews\/2024\/03\/la-industria-textil-argentina-sufre-fuerte-baja-de-demanda-y-caen-los-puestos-de-trabajo\/\" rel=\"bookmark\">La industria textil argentina sufre fuerte baja de demanda y caen los puestos de trabajo<\/a><\/h3><\/div>\n\t\t\t\t\t\t<\/div><!-- .dpt-entry -->\n\t\t\t\t\t\t\t\t\t\t\t\t<div class=\"dpt-entry no-thumbnail\">\n\t\t\t\t\t\t\t<div class=\"dpt-entry-wrapper\"><h3 class=\" dpt-title\"><a class=\"dpt-title-link\" href=\"https:\/\/comunidadtextil.com\/wpnews\/2024\/03\/espana-la-produccion-textil-tuvo-una-caida-del-4-y-la-confeccion-un-94-en-enero\/\" rel=\"bookmark\">Espa\u00f1a: la producci\u00f3n textil tuvo una ca\u00edda del 4% y la confecci\u00f3n un 9,4% en enero<\/a><\/h3><\/div>\n\t\t\t\t\t\t<\/div><!-- .dpt-entry -->\n\t\t\t\t\t\t\t\t\t\t\t\t<div class=\"dpt-entry no-thumbnail\">\n\t\t\t\t\t\t\t<div class=\"dpt-entry-wrapper\"><h3 class=\" dpt-title\"><a class=\"dpt-title-link\" href=\"https:\/\/comunidadtextil.com\/wpnews\/2024\/01\/levis-comienza-su-plan-de-ajuste-y-despedira-al-15-de-su-personal-corporativo\/\" rel=\"bookmark\">Levi\u00b4s comienza su plan de ajuste y despedir\u00e1 al 15% de su personal corporativo<\/a><\/h3><\/div>\n\t\t\t\t\t\t<\/div><!-- .dpt-entry -->\n\t\t\t\t\t\t\t\t\t\t\t\t<div class=\"dpt-entry no-thumbnail\">\n\t\t\t\t\t\t\t<div class=\"dpt-entry-wrapper\"><h3 class=\" dpt-title\"><a class=\"dpt-title-link\" href=\"https:\/\/comunidadtextil.com\/wpnews\/2024\/01\/cae-en-diciembre-el-consumo-britanico-especialmente-en-el-rubro-textil-y-confecciones\/\" rel=\"bookmark\">Cae en diciembre el consumo brit\u00e1nico, especialmente en el rubro textil y confecciones<\/a><\/h3><\/div>\n\t\t\t\t\t\t<\/div><!-- .dpt-entry -->\n\t\t\t\t\t\t\t\t\t\t\t\t<div class=\"dpt-entry no-thumbnail\">\n\t\t\t\t\t\t\t<div class=\"dpt-entry-wrapper\"><h3 class=\" dpt-title\"><a class=\"dpt-title-link\" href=\"https:\/\/comunidadtextil.com\/wpnews\/2023\/11\/miembros-de-la-industria-de-la-moda-instan-al-sector-a-condenar-el-antisemitismo\/\" rel=\"bookmark\">Miembros de la industria de la moda instan al sector a condenar el antisemitismo<\/a><\/h3><\/div>\n\t\t\t\t\t\t<\/div><!-- .dpt-entry -->\n\t\t\t\t\t\t\t\t\t\t\t\t<div class=\"dpt-entry no-thumbnail\">\n\t\t\t\t\t\t\t<div class=\"dpt-entry-wrapper\"><h3 class=\" dpt-title\"><a class=\"dpt-title-link\" href=\"https:\/\/comunidadtextil.com\/wpnews\/2023\/11\/miles-de-operarios-bengalies-protestan-y-son-reprimidos-por-reclamos-de-mejoras-salariales\/\" rel=\"bookmark\">Miles de operarios bengal\u00edes protestan y son reprimidos por reclamos de mejoras salariales<\/a><\/h3><\/div>\n\t\t\t\t\t\t<\/div><!-- .dpt-entry -->\n\t\t\t\t\t\t\n\t\t\t\t<\/div>\n\t\t\t<div class=\"dp-pagination\"><span aria-current=\"page\" class=\"page-numbers current\">1<\/span>\n<a class=\"page-numbers\" href=\"https:\/\/comunidadtextil.com\/wpnews\/wp-json\/wp\/v2\/pages\/17224\/?paged1=2\">2<\/a>\n<a class=\"page-numbers\" href=\"https:\/\/comunidadtextil.com\/wpnews\/wp-json\/wp\/v2\/pages\/17224\/?paged1=3\">3<\/a>\n<span class=\"page-numbers dots\">&hellip;<\/span>\n<a class=\"page-numbers\" href=\"https:\/\/comunidadtextil.com\/wpnews\/wp-json\/wp\/v2\/pages\/17224\/?paged1=9\">9<\/a>\n<a class=\"next page-numbers\" href=\"https:\/\/comunidadtextil.com\/wpnews\/wp-json\/wp\/v2\/pages\/17224\/?paged1=2\">Siguiente &raquo;<\/a><\/div>\t\t\t<\/div>\n\t\t\t\n","protected":false},"excerpt":{"rendered":"","protected":false},"author":1924,"featured_media":0,"parent":0,"menu_order":0,"comment_status":"closed","ping_status":"closed","template":"","meta":{"footnotes":""},"class_list":["post-17224","page","type-page","status-publish","hentry","count-0","even alt","author-adminct","last"],"_links":{"self":[{"href":"https:\/\/comunidadtextil.com\/wpnews\/wp-json\/wp\/v2\/pages\/17224","targetHints":{"allow":["GET"]}}],"collection":[{"href":"https:\/\/comunidadtextil.com\/wpnews\/wp-json\/wp\/v2\/pages"}],"about":[{"href":"https:\/\/comunidadtextil.com\/wpnews\/wp-json\/wp\/v2\/types\/page"}],"author":[{"embeddable":true,"href":"https:\/\/comunidadtextil.com\/wpnews\/wp-json\/wp\/v2\/users\/1924"}],"replies":[{"embeddable":true,"href":"https:\/\/comunidadtextil.com\/wpnews\/wp-json\/wp\/v2\/comments?post=17224"}],"version-history":[{"count":1,"href":"https:\/\/comunidadtextil.com\/wpnews\/wp-json\/wp\/v2\/pages\/17224\/revisions"}],"predecessor-version":[{"id":17225,"href":"https:\/\/comunidadtextil.com\/wpnews\/wp-json\/wp\/v2\/pages\/17224\/revisions\/17225"}],"wp:attachment":[{"href":"https:\/\/comunidadtextil.com\/wpnews\/wp-json\/wp\/v2\/media?parent=17224"}],"curies":[{"name":"wp","href":"https:\/\/api.w.org\/{rel}","templated":true}]}}

<div class="display-post-types">
				
							<style type="text/css">
			#dpt-wrapper-950 { --dpt-text-align: left;--dpt-image-crop: center;--dpt-border-radius: 5px;--dpt-h-gutter: 10px;--dpt-v-gutter: 10px; }			</style>
			<style type="text/css">#dpt-wrapper-950 { --dpt-title-font-style:normal;--dpt-title-font-weight:600;--dpt-title-font-size:22px;--dpt-title-line-height:1.5;--dpt-title-text-decoration:none;--dpt-title-text-transform:none;--dpt-title-text-color:#2e1111;--dpt-title-link-hover-color:#f740ab;--dpt-excerpt-font-style:normal;--dpt-excerpt-font-weight:400;--dpt-excerpt-line-height:1.5;--dpt-excerpt-text-decoration:none;--dpt-excerpt-text-transform:none;--dpt-meta1-font-style:normal;--dpt-meta1-font-weight:400;--dpt-meta1-line-height:1.9;--dpt-meta1-text-decoration:none;--dpt-meta1-text-transform:none;--dpt-meta2-font-style:normal;--dpt-meta2-font-weight:400;--dpt-meta2-line-height:1.9;--dpt-meta2-text-decoration:none;--dpt-meta2-text-transform:none;--dpt-wrapper-padding:10px 10px 10px 10px;--dpt-wrapper-br-width:1px 1px 1px 1px;--dpt-wrapper-entry-width:80%;--dpt-wrapper-br-radius:5px 5px 5px 5px;--dpt-wrapper-br-color:; }</style><div class=" dpt-main-header"><div class="dpt-main-title"><a class="dpt-main-title-link" href="https://comunidadtextil.com/wpnews/category/crisis/"><span class="dpt-main-title-text">Crisis</span></a></div></div>			
				<div id="dpt-wrapper-950" class="dpt-wrapper dpt-list2 dpt-flex-wrap dpt-contained-wraptype" >

											<div class="dpt-entry no-thumbnail">
							<div class="dpt-entry-wrapper"><h3 class=" dpt-title"><a class="dpt-title-link" href="https://comunidadtextil.com/wpnews/2025/08/la-industria-argentina-sigue-cayendo-y-soporta-la-peor-crisis-de-los-25-ultimos-anos/" rel="bookmark">La industria argentina sigue cayendo y soporta la peor crisis de los 25 últimos años</a></h3></div>
						</div><!-- .dpt-entry -->
												<div class="dpt-entry no-thumbnail">
							<div class="dpt-entry-wrapper"><h3 class=" dpt-title"><a class="dpt-title-link" href="https://comunidadtextil.com/wpnews/2025/07/lectra-informo-que-sufrio-una-reduccion-en-su-rentabilidad-por-la-incertidumbre-global/" rel="bookmark">Lectra informó que sufrió una reducción en su rentabilidad por la incertidumbre global</a></h3></div>
						</div><!-- .dpt-entry -->
												<div class="dpt-entry no-thumbnail">
							<div class="dpt-entry-wrapper"><h3 class=" dpt-title"><a class="dpt-title-link" href="https://comunidadtextil.com/wpnews/2025/06/por-la-menor-demanda-mas-de-la-mitad-de-las-textiles-de-argentina-recorto-personal/" rel="bookmark">Por la menor demanda más de la mitad de las textiles de Argentina recortó personal</a></h3></div>
						</div><!-- .dpt-entry -->
												<div class="dpt-entry no-thumbnail">
							<div class="dpt-entry-wrapper"><h3 class=" dpt-title"><a class="dpt-title-link" href="https://comunidadtextil.com/wpnews/2025/06/alemania-crisis-del-comercio-minorista-de-moda-por-una-fuerte-caida-de-del-consumo/" rel="bookmark">Alemania: crisis del comercio minorista de moda por una fuerte caída de del consumo</a></h3></div>
						</div><!-- .dpt-entry -->
												<div class="dpt-entry no-thumbnail">
							<div class="dpt-entry-wrapper"><h3 class=" dpt-title"><a class="dpt-title-link" href="https://comunidadtextil.com/wpnews/2025/05/argentina-se-vende-mas-ropa-importada-y-menos-produccion-local-por-la-baja-de-aranceles/" rel="bookmark">Argentina: se vende más ropa importada y menos producción local, por la baja de aranceles</a></h3></div>
						</div><!-- .dpt-entry -->
												<div class="dpt-entry no-thumbnail">
							<div class="dpt-entry-wrapper"><h3 class=" dpt-title"><a class="dpt-title-link" href="https://comunidadtextil.com/wpnews/2025/05/en-india-sacan-provecho-de-conflicto-belico-con-pakistan-y-alientan-la-moda-patriotica/" rel="bookmark">En India sacan provecho de conflicto bélico con Pakistán y alientan la ‘moda patriótica’</a></h3></div>
						</div><!-- .dpt-entry -->
												<div class="dpt-entry no-thumbnail">
							<div class="dpt-entry-wrapper"><h3 class=" dpt-title"><a class="dpt-title-link" href="https://comunidadtextil.com/wpnews/2024/11/un-24-de-las-empresas-argentinas-de-indumentaria-piensa-en-reducir-personal/" rel="bookmark">Un 24% de las empresas argentinas de indumentaria piensa en reducir personal</a></h3></div>
						</div><!-- .dpt-entry -->
												<div class="dpt-entry no-thumbnail">
							<div class="dpt-entry-wrapper"><h3 class=" dpt-title"><a class="dpt-title-link" href="https://comunidadtextil.com/wpnews/2024/04/por-la-caida-en-las-ventas-levis-suspende-su-linea-de-calzado-y-cierra-una-fabrica/" rel="bookmark">Por la caída en las ventas, Levi´s suspende su línea de calzado y cierra una fábrica</a></h3></div>
						</div><!-- .dpt-entry -->
												<div class="dpt-entry no-thumbnail">
							<div class="dpt-entry-wrapper"><h3 class=" dpt-title"><a class="dpt-title-link" href="https://comunidadtextil.com/wpnews/2024/03/la-industria-textil-argentina-sufre-fuerte-baja-de-demanda-y-caen-los-puestos-de-trabajo/" rel="bookmark">La industria textil argentina sufre fuerte baja de demanda y caen los puestos de trabajo</a></h3></div>
						</div><!-- .dpt-entry -->
												<div class="dpt-entry no-thumbnail">
							<div class="dpt-entry-wrapper"><h3 class=" dpt-title"><a class="dpt-title-link" href="https://comunidadtextil.com/wpnews/2024/03/espana-la-produccion-textil-tuvo-una-caida-del-4-y-la-confeccion-un-94-en-enero/" rel="bookmark">España: la producción textil tuvo una caída del 4% y la confección un 9,4% en enero</a></h3></div>
						</div><!-- .dpt-entry -->
												<div class="dpt-entry no-thumbnail">
							<div class="dpt-entry-wrapper"><h3 class=" dpt-title"><a class="dpt-title-link" href="https://comunidadtextil.com/wpnews/2024/01/levis-comienza-su-plan-de-ajuste-y-despedira-al-15-de-su-personal-corporativo/" rel="bookmark">Levi´s comienza su plan de ajuste y despedirá al 15% de su personal corporativo</a></h3></div>
						</div><!-- .dpt-entry -->
												<div class="dpt-entry no-thumbnail">
							<div class="dpt-entry-wrapper"><h3 class=" dpt-title"><a class="dpt-title-link" href="https://comunidadtextil.com/wpnews/2024/01/cae-en-diciembre-el-consumo-britanico-especialmente-en-el-rubro-textil-y-confecciones/" rel="bookmark">Cae en diciembre el consumo británico, especialmente en el rubro textil y confecciones</a></h3></div>
						</div><!-- .dpt-entry -->
												<div class="dpt-entry no-thumbnail">
							<div class="dpt-entry-wrapper"><h3 class=" dpt-title"><a class="dpt-title-link" href="https://comunidadtextil.com/wpnews/2023/11/miembros-de-la-industria-de-la-moda-instan-al-sector-a-condenar-el-antisemitismo/" rel="bookmark">Miembros de la industria de la moda instan al sector a condenar el antisemitismo</a></h3></div>
						</div><!-- .dpt-entry -->
												<div class="dpt-entry no-thumbnail">
							<div class="dpt-entry-wrapper"><h3 class=" dpt-title"><a class="dpt-title-link" href="https://comunidadtextil.com/wpnews/2023/11/miles-de-operarios-bengalies-protestan-y-son-reprimidos-por-reclamos-de-mejoras-salariales/" rel="bookmark">Miles de operarios bengalíes protestan y son reprimidos por reclamos de mejoras salariales</a></h3></div>
						</div><!-- .dpt-entry -->
						
				</div>
			<div class="dp-pagination"><span aria-current="page" class="page-numbers current">1</span>
<a class="page-numbers" href="https://comunidadtextil.com/wpnews/wp-json/wp/v2/pages/17224/?paged1=2">2</a>
<a class="page-numbers" href="https://comunidadtextil.com/wpnews/wp-json/wp/v2/pages/17224/?paged1=3">3</a>
<span class="page-numbers dots">&hellip;</span>
<a class="page-numbers" href="https://comunidadtextil.com/wpnews/wp-json/wp/v2/pages/17224/?paged1=9">9</a>
<a class="next page-numbers" href="https://comunidadtextil.com/wpnews/wp-json/wp/v2/pages/17224/?paged1=2">Siguiente &raquo;</a></div>			</div>
